 composite number?
True
Is 1598167 a composite number?
False
Is 68490223 composite?
False
Is 34740523 prime?
True
Is 8320873 prime?
False
Is 57610561 a composite number?
True
Is 129594349 a composite number?
True
Is 147260581 composite?
True
Is 1281437 a composite number?
True
Is 111842869 a composite number?
False
Is 31638053 composite?
False
Is 767953 a composite number?
True
Is 999509 prime?
False
Is 4510081 composite?
True
Is 4340855 a prime number?
False
Is 244848283 a composite number?
True
Is 284777 composite?
False
Is 24280901 a prime number?
False
Is 36995003 a composite number?
False
Is 85965577 a composite number?
False
Is 72524581 a prime number?
True
Is 38240047 a prime number?
True
Is 1420483 a prime number?
True
Is 7487107 a prime number?
True
Is 66327391 composite?
True
Is 8453177 a composite number?
False
Is 213642827 a composite number?
False
Is 329881 a prime number?
False
Is 159165047 a prime number?
False
Is 90668203 a composite number?
False
Is 623839 a composite number?
False
Is 3336041 composite?
True
Is 143630653 composite?
True
Is 2858945 a composite number?
True
Is 99992837 a prime number?
False
Is 2109671 prime?
True
Is 69934223 a composite number?
True
Is 2046073 prime?
True
Is 1989551 composite?
False
Is 98934217 a composite number?
False
Is 517411159 prime?
True
Is 982321 a composite number?
False
Is 1007570719 a prime number?
False
Is 5041538 a composite number?
True
Is 1328603 composite?
False
Is 70101857 composite?
True
Is 14941843 a prime number?
False
Is 2981135 a composite number?
True
Is 1509463 a composite number?
False
Is 402840803 a composite number?
True
Is 35462257 prime?
True
Is 845717 a composite number?
False
Is 165287 a composite number?
False
Is 341533 a prime number?
False
Is 1919581 composite?
False
Is 40546127 prime?
True
Is 25436017 composite?
True
Is 22907809 a prime number?
True
Is 22672634 composite?
True
Is 492509 prime?
False
Is 5605269 prime?
False
Is 192706 a composite number?
True
Is 317911811 composite?
True
Is 58296637 a composite number?
True
Is 10255849 composite?
True
Is 64372877 a composite number?
False
Is 848531 a prime number?
True
Is 33088751 a composite number?
True
Is 2627593 composite?
False
Is 316412951 a prime number?
True
Is 41131793 composite?
True
Is 366107849 a prime number?
True
Is 4276421 composite?
False
Is 4277893 a prime number?
False
Is 109865843 a composite number?
False
Is 27979697 prime?
False
Is 7482337 a composite number?
True
Is 12468122 composite?
True
Is 736302593 a composite number?
True
Is 1156455689 composite?
False
Is 53537569 a prime number?
False
Is 2418157 prime?
False
Is 35524549 a composite number?
True
Is 1268731 a composite number?
False
Is 13524031 composite?
True
Is 18673211 a prime number?
True
Is 25577303 a composite number?
True
Is 145389109 a composite number?
False
Is 1577267 prime?
True
Is 41553769 composite?
True
Is 22367969 composite?
True
Is 90297866 composite?
True
Is 504401809 a prime number?
True
Is 51395258 prime?
False
Is 53413109 composite?
False
Is 2899903 a prime number?
True
Is 683927917 prime?
True
Is 2001243 a composite number?
True
Is 4894403 a prime number?
True
Is 5480197 a prime number?
True
Is 17846845 prime?
False
Is 23078993 composite?
True
Is 203550331 prime?
True
Is 3963247 a composite number?
True
Is 24129059 prime?
True
Is 136567 composite?
True
Is 28920571 prime?
True
Is 7898449 composite?
True
Is 79167727 prime?
True
Is 287328221 composite?
False
Is 35141503 prime?
False
Is 1361833 a prime number?
False
Is 439841 a prime number?
False
Is 33937883 prime?
False
Is 1046977 a prime number?
True
Is 10133843 composite?
False
Is 35581313 prime?
False
Is 219543622 prime?
False
Is 12515057 a prime number?
False
Is 331098571 composite?
False
Is 181510309 a prime number?
False
Is 187130423 a composite number?
True
Is 6719101 a composite number?
False
Is 20078551 composite?
False
Is 1948001 a composite number?
True
Is 2346521 prime?
True
Is 2337067 a prime number?
True
Is 383526679 a composite number?
True
Is 1191019 a composite number?
False
Is 71441039 a prime number?
True
Is 107475499 a composite number?
True
Is 10419811 prime?
True
Is 315499973 prime?
False
Is 13034939 composite?
True
Is 4078337 prime?
False
Is 16311821 prime?
True
Is 28702357 a composite number?
False
Is 14430697 composite?
False
Is 53490991 a prime number?
False
Is 85536599 a composite number?
False
Is 5054498 a prime number?
False
Is 2906893 composite?
True
Is 610880453 prime?
True
Is 156942341 composite?
True
Is 63841507 prime?
True
Is 6798371 composite?
True
Is 10051498 a prime number?
False
Is 30500614 a composite number?
True
Is 2228687 prime?
True
Is 25434055 composite?
True
Is 6286649 prime?
False
Is 11459627 a composite number?
False
Is 57512093 a composite number?
True
Is 203515009 prime?
True
Is 160945589 a composite number?
True
Is 22368865 prime?
False
Is 2480873 prime?
True
Is 587726679 a prime number?
False
Is 649739 composite?
False
Is 2352323 composite?
False
Is 6088402 a prime number?
False
Is 433034582 composite?
True
Is 11891771 composite?
False
Is 893989 composite?
False
Is 18575299 composite?
False
Is 73493 a prime number?
False
Is 12886903 a composite number?
True
Is 5042747 a prime number?
False
Is 60592237 a composite number?
True
Is 92404801 a prime number?
True
Is 10191121 a composite number?
True
Is 133584289 prime?
False
Is 19051 prime?
True
Is 160117 composite?
False
Is 15764393 a prime number?
True
Is 12627113 prime?
False
Is 2244017 composite?
True
Is 1898417 a composite number?
False
Is 62233267 a composite number?
True
Is 250507 a prime number?
False
Is 27964039 a prime number?
True
Is 1475561 composite?
False
Is 149589371 prime?
True
Is 10679113 composite?
True
Is 43915049 prime?
True
Is 721919669 a prime number?
True
Is 374384897 composite?
True
Is 30937759 composite?
False
Is 7340929 a prime number?
True
Is 445379357 prime?
False
Is 10965013 composite?
False
Is 23119357 a composite number?
True
Is 45025957 a prime number?
True
Is 77127613 a composite number?
False
Is 1139609 prime?
False
Is 13868579 composite?
True
Is 9307317 composite?
True
Is 77029957 composite?
False
Is 13563409 a composite number?
False
Is 19838417 prime?
True
Is 14698751 a composite number?
False
Is 2516041 a prime number?
False
Is 996667 prime?
False
Is 1984757 composite?
True
Is 33864539 a composite number?
False
Is 420097 prime?
True
Is 147574183 prime?
True
Is 30421711 a composite number?
True
Is 36785063 a prime number?
False
Is 1279997 composite?
False
Is 980513527 composite?
True
Is 810728129 composite?
False
Is 29690621 a composite number?
True
Is 11155899 prime?
False
Is 222250387 composite?
True
Is 3364489 composite?
False
Is 17313217 prime?
False
Is 49771567 a prime number?
True
Is 253691 composite?
True
Is 13840441 composite?
True
Is 42589751 prime?
False
Is 4979206 prime?
False
Is 19309387 a prime number?
True
Is 961729 a prime number?
True
Is 3115391 a prime number?
False
Is 763597 a composite number?
False
Is 16176449 a composite number?
False
Is 44718797 composite?
False
Is 13109323 prime?
True
Is 1543391 a prime number?
True
Is 956143 a composite number?
False
Is 9703997 prime?
True
Is 39496211 a composite number?
False
Is 2128649 a composite number?
False
Is 39985301 composite?
False
Is 205098281 prime?
True
Is 20674393 a composite number?
False
Is 597679 composite?
False
Is 5159333 composite?
True
Is 81534847 prime?
False
Is 11579413 composite?
True
Is 3806122 a prime number?
False
Is 643629859 a composite number?
True
Is 23123885 prime?
False
Is 3986859 prime?
False
Is 156087623 prime?
True
Is 15898963 composite?
True
Is 6629531 composite?
True
Is 53865689 composite?
False
Is 7594465 prime?
False
Is 153251053 composite?
False
Is 733373 a prime number?
True
Is 9325357 a prime number?
True
Is 4461539 composite?
False
Is 86628653 composite?
True
Is 2277095 prime?
False
Is 394206443 prime?
True
Is 7444383 composite?
True
Is 16167037 prime?
True
Is 1177874905 a prime number?
False
Is 2424937 prime?
True
Is 45270991 composite?
False
Is 18948791 composite?
False
Is 807812065 a prime number?
False
Is 37244437 prime?
True
Is 1910327 composite?
True
Is 17674607 a prime number?
True
Is 21725773 a prime number?
True
Is 3998998